of x and 22?
22
Let j be 261/1 + 18 + -24. What is the greatest common factor of 15 and j?
15
Let k be ((-6)/(-4))/(11/2178). What is the greatest common divisor of k and 44?
11
Suppose 12*c - c - 132 = 0. Calculate the greatest common factor of 18 and c.
6
Suppose -12 = -4*b + 2*u + 8, -18 = -4*b + u. Suppose b*x = 4*s - 40, -s - 3*s - 26 = 2*x. Let w = x + 27. What is the highest common divisor of w and 4?
4
Let a(z) = 2*z**3 - 6*z**2 - 3*z + 11. Let m be a(4). Let r = 64 - m. What is the highest common divisor of 11 and r?
11
Let y be 54/(-144) + 201/24 + -2. What is the greatest common divisor of y and 57?
3
Let x(f) = 2*f**2 - f + 5. Let h be x(5). Let r(c) = 10*c**2 + 6*c - 9. Let j be r(3). Let z = 174 - j. What is the greatest common divisor of z and h?
25
Let u(l) = 2*l + 12. Suppose w + 548 = 5*q, -10 = w - 6*w. Let v be q/12 + 1/(-6). Let j be u(v). Calculate the highest common factor of 20 and j.
10
Suppose -203*j = -200*j - 162. Calculate the highest common divisor of 3186 and j.
54
Let n be (-1)/(-3)*3 - (-3 - -2). Suppose 2*y - 22 = -n*a, 7 + 6 = -a + 5*y. Calculate the highest common divisor of 63 and a.
7
Suppose 0 = d - 3*s - 473, -5*s = -2*s + 9. Calculate the highest common divisor of 8 and d.
8
Suppose 5*k - 4 = 16. Suppose 2*c - 7*c = -5*s + 1605, -3*s + 965 = -k*c. Suppose -2*m + s - 59 = 0. What is the greatest common factor of 26 and m?
26
Suppose 3*i = -p + 58, -2*p = -3*i + 2*p + 83. Let u = 25 - i. What is the highest common factor of u and 28?
4
Suppose 619 = 8*r + 11. Let h = 92 + r. Suppose -3*v + 62 = -10. Calculate the greatest common factor of h and v.
24
Suppose 4*j = -k + 36, 3*k - 8 - 28 = -3*j. Let b = j + 1. Suppose 11 = m + 4*q - 7, 3*m - b = 3*q. What is the greatest common divisor of 6 and m?
6
Let g = 650 + -548. Suppose 21 = 5*m - 64. Calculate the highest common factor of m and g.
17
Suppose 2*q + 3*s + 136 = 0, 0*s + 2*s = 0. Let p be -3 + (4 - q*1). Calculate the greatest common divisor of p and 23.
23
Let b be (18/(-15))/((-9)/1485). Let y be (-448)/(-9) - (-44)/b. What is the greatest common divisor of 10 and y?
10
Let z(d) = 39*d**2 + 1. Let p be z(-1). Suppose 223*k + 4 = 222*k, 0 = -5*i + 4*k + 56. Calculate the highest common factor of p and i.
8
Suppose -5*u + 70 = 5*l, u - 3*u + 28 = 5*l. Suppose m + 7 = u. Suppose -4 = -9*y + m*y. What is the highest common factor of 18 and y?
2
Let m = -20 - -27. Let z be 10/30 + (-14)/(-3). Suppose 2*p + 2*p = z*y + 122, -2*y + 136 = 5*p. Calculate the highest common divisor of m and p.
7
Suppose -z + 0*z = 2*v - 106, 2*v + 3*z = 114. Suppose 6*f = 4*f + 34. What is the greatest common divisor of v and f?
17
Suppose -a + 5*o + 4 = 0, -48 = -4*a + 18*o - 14*o. Suppose 0 = 4*s - 2 - 2. Let h be (-1)/s*(-125 - 1). What is the greatest common factor of h and a?
14
Suppose i - 6*i + 17 = 2*p, -7*i + 28 = 3*p. Calculate the greatest common factor of 413 and p.
7
Let n = 25 - 17. Suppose -118 = -n*v + 26. What is the highest common divisor of v and 6?
6
Let j = 144 - -759. Calculate the highest common factor of j and 21.
21
Let k be 35/(0 + -5)*-9 + -3. Let b be -2 - (31/(-1) - -2). Let f be 1616/18 - (-6)/b. What is the greatest common divisor of f and k?
30
Suppose 5*l = -3*z + 1002, 3*z - 693 = z + 5*l. Suppose 3*k - 93 - z = 0. Calculate the greatest common factor of 36 and k.
36
Let r = -89 + 92. Suppose 0 = -5*u - 0*j + 3*j + 166, -r*u - 3*j + 90 = 0. Calculate the greatest common factor of 16 and u.
16
Suppose 4 = -2*q + 4*y, 0*y + 2*y + 2 = 3*q. Suppose -2*a + q + 6 = 0. What is the greatest common divisor of 52 and a?
4
Let z(f) = -23*f - 4. Let u be z(-1). Let h(p) = 12*p + 6. Let t be h(9). What is the greatest common divisor of u and t?
19
Let v(p) = -8*p + 4. Let k be -1*(-6)/10*-5. Let y be v(k). Calculate the highest common factor of y and 308.
28
Suppose 48 = x - 111. Suppose 102 = 2*a - 2*f, 3*a - 6*a + f + x = 0. What is the highest common divisor of 6 and a?
6
Let i = 72 + 412. What is the greatest common divisor of 44 and i?
44
Let x = 116 - 27. Suppose 2*w - 45 = x. Suppose 9 = l + 2*l, 3*l = 4*p - w. What is the highest common divisor of p and 19?
19
Let i(d) = -d**2 + 18*d + 100. Let w be i(18). What is the highest common factor of w and 75?
25
Suppose 63104 = 58*a + 10*a. What is the highest common divisor of 29 and a?
29
Suppose -6*c + 9*c - 5779 = n, 0 = c + 4*n - 1909. What is the greatest common divisor of c and 77?
77
Let j be 4/(-18) + (-1)/(36/(-3572)). What is the highest common divisor of j and 36?
9
Let y = 9 - -11. Let n be (72/y)/(10/25). Calculate the greatest common factor of 63 and n.
9
Suppose 0 = 3*k + 2*w - 22, -17 = -3*k + w - 2*w. Suppose n - 6*n = -25, -5*n = k*y - 73. Calculate the greatest common factor of 12 and y.
12
Let d = -3 - -19. Suppose 3*u + d = -u. Let l be 74/3 + u/(-12). Calculate the greatest common factor of l and 5.
5
Let k be (-72486)/(-90) - (18/(-10))/3. Suppose -k = -3*h - 2*h - 2*g, -5*h - 3*g + 804 = 0. What is the highest common divisor of h and 18?
18
Let d(c) = 3*c + 5. Let z be d(-7). Let y = 40 - z. Suppose t - 3*t = -s - y, t = 3*s + 33. Calculate the highest common factor of 243 and t.
27
Let x(z) = -z**2 - 13*z - 6. Let w be x(-5). Suppose -2*i + g = -w, 6*i - 96 = i - 3*g. Calculate the highest common divisor of i and 108.
18
Let i be 18*((-2)/6)/(18/(-36)). Suppose 0 = -5*w + 20 + 25. Let b be 6/w + 14/6. What is the highest common divisor of b and i?
3
Let z be 22/(-22) - (-49 - 0 - 1). Suppose 2*j - 14 = 5*b, 21 = 3*j + b + 3*b. What is the greatest common divisor of z and j?
7
Let c be (-9)/((-6)/(-72) + 3/(-9)). What is the greatest common divisor of 144 and c?
36
Suppose 30 = o - 4*o. Let c be 1015/(-14)*16/o. Let b = 27 - -2. Calculate the greatest common factor of b and c.
29
Suppose -6*a + 2*a + 44 = 0. Let c = 7 + a. Calculate the highest common divisor of c and 2.
2
Let h(l) = 17*l**3 - 2*l + 3. Let k be h(2). Suppose 0 = -6*p - 40 - 8. Let g be (81/2)/((-6)/p). Calculate the greatest common divisor of k and g.
27
Let w = -2 + 4. Suppose -349*h + 375*h - 156 = 0. What is the greatest common factor of h and w?
2
Let s = -1421 + 1989. Let m be (s/(-6))/(-4) - (-1)/3. What is the greatest common factor of m and 12?
12
Let n be 372/30 - (-91)/(-65). Calculate the highest common factor of 143 and n.
11
Let z be (-3 - -1)/((-1)/1). Suppose z = -a + 14. What is the highest common factor of 4 and a?
4
Let z(p) = -p**3 - 4*p**2 - p - 2. Let b be z(-4). Suppose -7 = -b*i - 5. Calculate the highest common factor of i and 8.
1
Suppose 18 = 4*m - 3*c, 5*m - 16 - 9 = 5*c. Suppose 512 = u + m*u. What is the greatest common divisor of u and 16?
16
Suppose 17*i + 1128 = 18*i + 4*b, 0 = -4*i - b + 4512. What is the highest common factor of 423 and i?
141
Suppose 2*g - 3*b + 511 = -0*g, 5*b - 1025 = 4*g. Let d be 22/121 - g/22. What is the highest common divisor of 3 and d?
3
Let w(v) = -v**2 + 3*v - 13. Let x be w(6). Let z be (-6)/(1 - 3) - (33 + x). Calculate the highest common factor of z and 1.
1
Let n = 0 - 1. Let h be (((-30)/(-5))/n)/(-2). What is the greatest common factor of h and 24?
3
Suppose 0 = 6*f - 0 - 54. What is the greatest common divisor of 42 and f?
3
Let t be 120/(-64)*-4*(-132)/(-10). What is the greatest common divisor of t and 9?
9
Let j be 0 + 0 + (-2)/(-2). Let x be (-54)/(-52) - 2/52. What is the greatest common factor of j and x?
1
Suppose 3*a - 2 = 2*a. Suppose 3*w - 5*w = -4*v + 38, -a*v = 4*w - 4. What is the highest common divisor of 12 and v?
4
Let i(p) = -4*p + 4. Let a be i(4). Let o(k) = -2*k - 21. Let f be o(a). Calculate the greatest common divisor of f and 24.
3
Let p(d) = -d**2 - d + 4. Let i be p(5). Let q be i/((2 + 0)/(-1)). Let r = -247 - -364. What is the greatest common divisor of r and q?
13
Suppose 4*z - 2*v = 368, -36*z = -35*z - 4*v - 92. What is the highest common factor of z and 230?
46
Let g = -353 - -461. Calculate the greatest common factor of 54 and g.
54
Let i(p) = p**3 - 6*p**2 + 2*p + 8. Let x be i(6). Suppose 9*b = 18*b + 9. Let y be (-10)/x*(-21 + b). What is the greatest common divisor of y and 44?
11
Suppose -260 = -16*u + 3*u. What is the highest common divisor of u and 190?
10
Suppose -l + 0 = -2. Suppose -3*d - l*d - 2*g 